n divisor of 61 and 114370974?
61
Calculate the greatest common divisor of 114046 and 1016.
254
What is the greatest common divisor of 795732 and 12?
12
Calculate the highest common factor of 17280 and 800820.
540
Calculate the greatest common factor of 135168 and 98373.
33
What is the greatest common divisor of 1114658 and 38?
2
What is the greatest common factor of 1976 and 28016222?
494
What is the highest common factor of 666 and 46784502?
666
What is the highest common factor of 290402966 and 14?
14
Calculate the greatest common divisor of 4 and 61012538.
2
Calculate the highest common divisor of 23553296 and 34.
34
Calculate the greatest common divisor of 95268 and 102.
102
What is the highest common divisor of 141329 and 31548280?
4559
Calculate the highest common divisor of 3351996 and 1968.
492
Calculate the greatest common factor of 856696100 and 26.
26
Calculate the greatest common factor of 17075 and 20425.
25
Calculate the greatest common factor of 285062 and 5198.
46
Calculate the greatest common factor of 131 and 981519334.
131
What is the highest common divisor of 332219313 and 2919?
417
What is the highest common divisor of 4604019 and 6775?
271
What is the highest common divisor of 1321205946 and 447?
447
What is the highest common divisor of 415255013 and 248?
31
Calculate the greatest common factor of 4998 and 5015094.
42
What is the greatest common divisor of 1703362 and 2?
2
Calculate the greatest common divisor of 15057 and 9122391.
2151
Calculate the greatest common factor of 3992 and 575490712.
3992
Calculate the greatest common factor of 1392 and 633181128.
696
What is the highest common factor of 2592805 and 1525?
305
Calculate the greatest common factor of 11645 and 54797945.
685
Calculate the highest common factor of 1617 and 966825321.
1617
Calculate the highest common divisor of 12788 and 268088.
92
What is the greatest common factor of 869 and 148986653?
79
Calculate the highest common divisor of 45474 and 5863.
143
What is the highest common divisor of 9107310 and 892410?
5910
What is the greatest common divisor of 578077500 and 1170?
390
What is the greatest common factor of 61438 and 1271296?
26
Calculate the greatest common factor of 73594 and 5890.
62
What is the highest common factor of 55379430 and 56704?
886
Calculate the greatest common divisor of 6408 and 774122.
178
What is the highest common divisor of 44367330 and 6?
6
What is the greatest common divisor of 990 and 153868220?
110
What is the greatest common factor of 52007274 and 2977?
229
What is the greatest common divisor of 223444 and 58968?
52
What is the highest common divisor of 28 and 123298?
14
Calculate the highest common factor of 2285203 and 16609.
977
What is the greatest common factor of 815366 and 1634?
1634
What is the highest common divisor of 30189774 and 52677?
5853
What is the greatest common divisor of 11921627 and 993?
331
What is the greatest common factor of 30427110 and 84?
42
What is the greatest common factor of 212405 and 161230?
115
What is the greatest common factor of 148 and 4913978?
2
Calculate the highest common factor of 663 and 637041.
51
What is the greatest common factor of 143 and 619531?
11
What is the greatest common divisor of 247 and 5472?
19
Calculate the highest common divisor of 351 and 8754694.
13
Calculate the greatest common factor of 19587582 and 11178.
3726
What is the highest common factor of 2025742725 and 90?
45
Calculate the highest common factor of 1012 and 12070124.
1012
What is the highest common factor of 79952 and 3353776?
4208
What is the highest common factor of 29574725 and 425?
25
What is the greatest common divisor of 976 and 34456216?
488
Calculate the highest common factor of 38694 and 7248.
6
What is the highest common factor of 73606 and 2352263?
149
Calculate the greatest common divisor of 725382 and 132069.
399
What is the highest common divisor of 129 and 22363139?
43
What is the greatest common divisor of 2646 and 26279484?
294
What is the greatest common factor of 1853878 and 455390?
2938
Calculate the greatest common divisor of 190 and 2664170.
10
Calculate the greatest common factor of 645 and 2967387.
129
What is the greatest common factor of 128 and 190758?
2
What is the greatest common factor of 41916479 and 11?
11
Calculate the greatest common factor of 127725 and 7415255.
655
What is the highest common divisor of 8773692 and 36?
12
Calculate the greatest common divisor of 3114 and 80268021.
1557
What is the greatest common factor of 132 and 1056957088?
44
Calculate the highest common divisor of 340 and 705398.
34
What is the greatest common divisor of 279158 and 7634?
22
Calculate the greatest common factor of 122 and 441647686.
122
What is the highest common divisor of 372 and 10747514?
62
What is the greatest common divisor of 4970140 and 210?
70
Calculate the greatest common factor of 115 and 2544605.
115
Calculate the highest common divisor of 2164081891 and 23.
23
What is the greatest common factor of 9365 and 9775?
5
What is the highest common factor of 30 and 126356330?
10
Calculate the greatest common factor of 5414275 and 9600.
25
What is the highest common divisor of 51916 and 47116?
4
Calculate the highest common divisor of 66855271 and 119.
119
Calculate the highest common divisor of 5852 and 28521052.
532
Calculate the greatest common divisor of 9633 and 2422443.
57
Calculate the highest common divisor of 277005 and 1185.
15
Calculate the highest common factor of 1300735 and 111.
37
Calculate the greatest common divisor of 256099 and 667.
29
Calculate the highest common factor of 32378039 and 223.
223
Calculate the greatest common factor of 833 and 4456261.
17
Calculate the greatest common divisor of 495 and 28554885.
45
What is the highest common divisor of 224998 and 77?
1
What is the highest common divisor of 546561 and 785559?
1959
What is the highest common factor of 16133686 and 387?
43
Calculate the highest common divisor of 36648 and 38712.
24
What is the highest common factor of 2094948 and 1080?
36
Calculate the greatest common factor of 29700 and 16245.
45
What is the greatest common divisor of 6 and 11996376?
6
What is the greatest common divisor of 82830 and 359920?
110
What is the greatest common factor of 1978372 and 3212?
44
What is the greatest common divisor of 45680 and 9458615?
2855
What is the greatest common divisor of 29945234 and 209506?
2354
What is the greatest common divisor of 15210 and 67245?
15
Calculate the highest common factor of 13790908 and 76.
4
Calculate the greatest common factor of 8764809 and 21241.
1931
What is the greatest common factor of 352660581 and 169?
169
Calculate the greatest common divisor of 2008 and 107399386.
502
Calculate the greatest common factor of 80412 and 2328.
12
Calculate the highest common divisor of 850 and 50594350.
50
What is the greatest common divisor of 8566030 and 56330?
430
What is the greatest common factor of 595 and 175105?
35
What is the highest common divisor of 1171 and 1380902921?
1171
What is the greatest common divisor of 1532763 and 252?
9
Calculate the greatest common divisor of 34668705 and 276.
69
Calculate the highest common factor of 11305714 and 56950.
2278
What is the greatest common divisor of 866220 and 1980?
60
What is the greatest common divisor of 3707 and 4079722?
337
What is the greatest common factor of 211226743 and 12103?
1729
Calculate the highest common factor of 46916 and 27790756.
1268
What is the highest common factor of 2328 and 866076528?
2328
What is the highest common divisor of 3511200 and 1463?
1463
Calculate the highest common factor of 6855 and 28737.
3
What is the highest common factor of 6649245 and 25200?
45
Calculate the highest common factor of 315501659 and 3586.
1793
What is the greatest common divisor of 10974840 and 20?
20
What is the greatest common divisor of 104121 and 33603?
69
Calculate the highest common factor of 463939 and 1869126.
1337
Calculate the highest common factor of 20493 and 4756653.
2277
What is the highest common divisor of 112926 and 26727?
177
What is the highest common divisor of 356235 and 46002?
561
What is the highest common divisor of 12875 and 13204600?
2575
Calculate the highest common divisor of 6960 an